3)?
-10
Let t(q) = 8819*q + 52912. What is t(-6)?
-2
Let f(z) = -2*z**2 - 51*z + 2056. Determine f(-48).
-104
Let c(p) = p**3 + 7*p**2 - 429*p - 640. What is c(-23)?
763
Let l(a) = 108910*a + 11980097. Calculate l(-110).
-3
Let j(v) = -v**2 - 7053*v + 70753. Determine j(10).
123
Let f(u) = -2*u**3 - 60*u**2 - 4*u - 64. Determine f(-30).
56
Let n(g) = -5*g**3 - 372*g**2 - 3327*g - 178. What is n(-64)?
-242
Let b(f) = 2*f**3 - 162*f**2 + 325*f - 804. Give b(79).
-93
Let w(m) = 390*m**2 + 4961*m - 1409. Give w(-13).
8
Let a(v) = 8*v**2 - 1427*v - 4297. Give a(-3).
56
Let c(s) = 3*s**3 + 154*s**2 - 977*s - 399. Calculate c(-57).
57
Let p(x) = -x**3 - 93*x**2 + 32*x - 4345. What is p(-94)?
1483
Let c(g) = -58*g**2 + 1233*g + 10944. Determine c(28).
-4
Let l(c) = -c**2 - 54*c + 200. Calculate l(0).
200
Let u(m) = m**3 - 16*m**2 - 714*m - 471. What is u(36)?
-255
Let j(s) = -303*s + 11490. What is j(36)?
582
Let f(o) = -o**3 - 45*o**2 - 397*o + 1302. Determine f(-17).
-41
Let v(a) = 122*a - 5920. Determine v(47).
-186
Let x(j) = j**2 - 1103*j + 18409. Give x(17).
-53
Let g(c) = -2*c**3 - 252*c**2 - 5346*c + 34. Determine g(-99).
34
Let n(g) = 301*g**2 + 9130*g + 2992. Calculate n(-30).
-8
Let n(q) = q**3 - 136*q**2 + 1469*q - 11. Calculate n(12).
-239
Let k(x) = 193*x - 5544. Give k(38).
1790
Let x(g) = -286*g + 77907. What is x(273)?
-171
Let d(q) = 11832*q**2 - 47292*q + 10. Determine d(4).
154
Let b(p) = -5*p**2 - 1234*p + 40542. Calculate b(32).
-4066
Let j(f) = 74*f - 2092. What is j(28)?
-20
Let i(o) = o**2 + 321*o + 6839. What is i(-22)?
261
Let o(r) = 10388*r - 436259. What is o(42)?
37
Let x(k) = -2*k**2 + 275*k + 17514. Calculate x(184).
402
Let i(k) = -6*k**2 + 792*k + 7230. Calculate i(-9).
-384
Let i(u) = -563*u + 38662. Determine i(68).
378
Let y(a) = 99*a**2 - 882*a - 112. What is y(9)?
-31
Let s(z) = 2*z**3 + 9*z**2 - 480*z + 1885. Calculate s(4).
237
Let o(u) = -9211*u - 192961. Determine o(-21).
470
Let p(y) = y**2 + 4125*y + 766352. What is p(-195)?
2
Let f(h) = -3431*h + 6913. What is f(2)?
51
Let i(a) = 8416*a + 126253. Calculate i(-15).
13
Let m(a) = -8*a**2 - 155*a + 596. Determine m(12).
-2416
Let k(m) = -97*m + 6839. Calculate k(69).
146
Let k(g) = g**3 + 42*g**2 - 1238*g - 29. Give k(20).
11
Let t(f) = 84*f - 306. Give t(15).
954
Let b(k) = -365*k + 98143. Give b(269).
-42
Let s(y) = 74*y**2 + 77984*y - 12793. What is s(-1054)?
-145
Let u(m) = 566*m + 149. Determine u(1).
715
Let c(g) = -g**3 - 28*g**2 - 4*g + 268. Give c(-27).
-353
Let x(z) = -260*z + 2639. Determine x(14).
-1001
Let t(s) = 33233*s - 465284. What is t(14)?
-22
Let y(t) = 2069*t + 89769. Calculate y(-44).
-1267
Let c(d) = 5*d**2 - 2738*d + 25816. Calculate c(538).
-8
Let n(x) = -2451*x - 373002. What is n(-152)?
-450
Let k(q) = 1843075*q + 27646151. What is k(-15)?
26
Let d(v) = 62*v**2 + 11239*v + 22478. What is d(-2)?
248
Let n(h) = -h**3 - 15*h**2 + 249*h + 3578. What is n(-13)?
3
Let f(z) = -5925*z - 10063. Determine f(-2).
1787
Let s(h) = -41317*h + 330654. Calculate s(8).
118
Let z(v) = 103*v**2 + 191*v - 4872. What is z(6)?
-18
Let u(v) = 2*v**2 - 209*v - 1690. Determine u(112).
-10
Let x(d) = 4*d**3 - 385*d**2 + 167*d - 6807. Give x(96).
9
Let n(h) = -4*h**2 + 59266*h - 592267. What is n(10)?
-7
Let u(o) = -o**3 - 45*o**2 + 357*o + 158. What is u(-52)?
522
Let f(k) = -410755*k + 4929016. Calculate f(12).
-44
Let l(q) = -2*q**3 + 11*q**2 - 124*q + 6. What is l(12)?
-3354
Let f(v) = -v**3 + 137*v**2 - 1605*v - 1025. Give f(124).
-157
Let d(n) = -2*n**2 - 27506*n - 192523. Calculate d(-7).
-79
Let a(b) = -b**3 + 1762*b**2 + 414125*b + 1046. Calculate a(-210).
-4
Let r(c) = -9784*c + 49198. Calculate r(5).
278
Let h(t) = -12*t**2 - 15638*t - 46895. Give h(-3).
-89
Let b(d) = d**2 + 160849*d + 643378. Give b(-4).
-2
Let f(i) = -2*i**2 + 27*i + 1806. Give f(-32).
-1106
Let j(l) = 16*l**2 - 4431*l - 255. Give j(277).
22
Let d(j) = j**3 + 29*j**2 + 74*j - 12. Give d(-26).
92
Let m(s) = -s**2 + 166*s + 42408. Calculate m(-139).
13
Let q(o) = 3*o**2 + 30*o + 3. Determine q(-29).
1656
Let g(t) = -54*t - 19. Give g(-10).
521
Let x(b) = -334*b**3 - 3*b**2 - 5*b + 3. Calculate x(1).
-339
Let a(h) = -2*h**3 - 8*h**2 + 3255*h + 6517. Calculate a(-2).
-9
Let u(d) = -645*d + 12959. Determine u(20).
59
Let l(s) = s**2 - 155*s - 1931. Give l(0).
-1931
Let u(i) = -i**3 - 6*i**2 - 6*i - 219. What is u(-8)?
-43
Let t(a) = -2577*a - 35267. Determine t(-12).
-4343
Let f(c) = -283*c + 4939. Give f(17).
128
Let u(a) = -4*a**2 - 20121*a + 141051. Determine u(7).
8
Let g(x) = 132*x**2 - 891*x - 7. Determine g(6).
-601
Let c(g) = -19*g**3 - 1696*g + 8458. What is c(5)?
-2397
Let p(v) = -16*v**2 + 103*v + 858. What is p(-5)?
-57
Let z(m) = 5294*m**2 + 21148*m - 2. Calculate z(-4).
110
Let f(w) = w**2 - 32*w - 13168. Determine f(132).
32
Let w(b) = -239276*b - 13399443. Calculate w(-56).
13
Let r(p) = 5*p - 677. Calculate r(61).
-372
Let a(s) = -877*s + 215555. Give a(246).
-187
Let w(k) = -53*k**2 - 144*k - 116. Give w(-1).
-25
Let w(c) = 4*c**2 - 61*c - 206. Calculate w(12).
-362
Let k(x) = 5*x**3 - 1668*x**2 - 656*x - 4085. Calculate k(334).
-77
Let y(r) = 18*r**2 + 225*r - 275. Calculate y(-15).
400
Let k(p) = -262*p - 12102. Determine k(-40).
-1622
Let j(s) = -210*s + 517. What is j(5)?
-533
Let g(l) = -15*l**2 - 3942*l + 1916. Give g(-263).
1127
Let v(a) = 6*a**3 - 149*a**2 + 108*a + 145. Give v(24).
-143
Let w(y) = 610*y - 42283. Calculate w(71).
1027
Let r(o) = -4*o**2 - 198*o - 906. What is r(-44)?
62
Let c(r) = -19*r**3 - 188*r**2 + 26*r + 16. What is c(-10)?
-44
Let j(m) = 8*m**2 - 285*m - 1322. Give j(-5).
303
Let g(z) = 443*z - 12816. Give g(29).
31
Let k(m) = 4610*m - 562387. Determine k(122).
33
Let u(g) = g**2 + 125*g - 56. Determine u(-119).
-770
Let g(q) = -8*q**3 + 5*q**2 - 12779*q + 12774. What is g(1)?
-8
Let k(f) = 6*f**2 + 197*f + 1350. Determine k(-41).
3359
Let u(l) = l**2 - 127*l + 2250. What is u(23)?
-142
Let u(n) = 4*n**3 + 6*n**2 + 13*n + 231. Determine u(-8).
-1537
Let c(p) = -160*p**3 + 5*p**2 - 9*p - 14. Calculate c(-1).
160
Let g(b) = -2*b**2 - 110*b - 2033. Give g(-35).
-633
Let z(c) = -c**2 - 2009*c + 2729399. Calculate z(929).
-3
Let z(h) = -81079*h - 648628. Give z(-8).
4
Let v(w) = w**2 - 4328*w + 90438. Give v(21).
-9
Let n(v) = 11*v**3 - 53*v**2 - 157*v + 10. Calculate n(-3).
-293
Let q(c) = 9*c**2 + 1815*c - 935. Calculate q(-202).
-329
Let z(m) = 2060*m + 807500. Calculate z(-392).
-20
Let c(n) = -3316*n - 33328. Calculate c(-10).
-168
Let h(n) = -2*n**3 - 458*n**2 - 23375*n + 2546. Calculate h(-77).
5
Let r(g) = 16315*g - 766792. Determine r(47).
13
Let v(x) = 156*x + 1705. Calculate v(-19).
-1259
Let o(t) = -11*t**2 - 251251*t + 251249. Determine o(1).
-13
Let z(d) = 47757*d + 47787. Calculate z(-1).
30
Let j(z) = z**3 + 8*z**2 - 3445*z - 75. Determine j(-63).
-1335
Let m(a) = 3*a**3 + 144*a**2 + 198*a + 16896. Give m(-49).
-9
Let m(s) = -105*s - 15559. Calculate m(-155).
716
Let h(y) = -320624*y - 1603146. Calculate h(-5).
-26
Let w(b) = 1367*b + 1170. Calculate w(-1).
-197
Let s(w) = 4*w**2 + 1650*w - 185681. Calculate s(92).
-25
Let u(t) = 24834*t + 446968. Determine u(-18).
-44
Let c(h) = 2148*h - 27741. Determine c(12).
-1965
Let t(o) = 201*o**3 - 187*o**2 - 139*o + 280. Calculate t(2).
862
Let f(t) = 12*t**2 + 49*t + 389. Determine f(-4).
385
Let w(f) = f**2 + 332*f + 7766. Give w(-307).
91
Let c(z) = -6346*z - 63483. Give c(-10).
-23
Let a(b) = -b**3 - 13*b**2 + 55*b + 461. Determine a(-5).
-14
Let u(v) = -980*v + 6881. Calculate u(7).
21
Let g(q) = 934462*q - 9344588. Determine g(10).
32
Let g(h) = -2474*h + 29600. What is g(12)?
-88
Let u(x) = 215*x - 93542. Calculate u(435).
-17
Let r(b) = -1150*b - 395632. What is r(-344)?
-32
Let j(q) = 8*q**3 + q**2 + 62*q + 380. What is j(-5)?
-905
Let t(b) = b**2 - 170*b - 2407. Give t(-13).
-28
Let u(d) = -2*d**2 - 557*d + 4250. What is u(-286)?
-40
Let y(f) = 1423*f + 10687. What is y(-8)?
-697
Let u(n) = -15168*n - 257881. Calculate u(-17).
-25
Let s(j) = j**3 + 2*j**2 + 110*j - 254. Give s(0).
-254
Let w(y) = -1450*y + 26320. Give w(18).
220
Let p(f) = 2*f**3 + 73*f**2 - 550*f - 26872. What is p(-32)?
-56
Let a(d) = 2*d**2 + 242664*d + 5337649. Calculate a(-22).
9
Let y(v) = 15*v*